{"id":2465,"date":"2022-06-25T18:33:46","date_gmt":"2022-06-25T21:33:46","guid":{"rendered":"https:\/\/viveroleoessencial.com.br\/loja\/index.php\/produto\/sparoom-difusor-ultrassonico-de-oleo-essencial-e-nevoa-de-fragrancia-puremist-luz-led-show-capacidade-de-100-ml\/"},"modified":"2026-05-05T03:56:16","modified_gmt":"2026-05-05T06:56:16","slug":"difusor-ultrassonico-de-oleo-essencial-e-nevoa-de-fragrancia-puremist","status":"publish","type":"product","link":"https:\/\/viveroleoessencial.com.br\/loja\/produto\/difusor-ultrassonico-de-oleo-essencial-e-nevoa-de-fragrancia-puremist\/","title":{"rendered":"Difusor ultrass\u00f4nico de \u00f3leo essencial e n\u00e9voa de fragr\u00e2ncia PureMist"},"content":{"rendered":"<ul>\n<li>Insira o n\u00famero do modelo para ter certeza que se encaixa.<\/li>\n<li>Um difusor de luz dram\u00e1tica. Uma luz de aromaterapia aparece em sua casa com cores s\u00f3lidas rotativas. Perfeito para iluminar seu quarto com aroma e cor.<\/li>\n<li>Difusor de \u00f3leo de qualidade superior: o difusor de \u00f3leo essencial garante excelentes resultados e durabilidade incompar\u00e1vel. Basta adicionar de cinco a dez gotas do seu \u00f3leo essencial favorito a 100 ml de \u00e1gua canalizada. Afaste-se para outro mundo enquanto o \u00f3leo se difusa, e a n\u00e9voa perfumada se espalha pelo c\u00f4modo<\/li>\n<li>Difusor de \u00f3leo essencial ultrass\u00f4nico. Combine de 5 a 10 gotas do seu \u00f3leo essencial favorito com \u00e1gua canalizada de 100 ml para difundir seus \u00f3leos.<\/li>\n<li>Perfei\u00e7\u00e3o de aromaterapia. Uma poderosa n\u00e9voa que oferece uma experi\u00eancia de spa em casa quando usada com seus \u00f3leos essenciais favoritos. A n\u00e9voa dura at\u00e9 3 horas.<\/li>\n<li>Capacidade de \u00e1gua. O difusor de \u00f3leo comporta 100 ml. Basta adicionar \u00e1gua canalizada e seu \u00f3leo essencial favorito para um ambiente de spa perfumado, saud\u00e1vel e calmante.<\/li>\n<li>Durma em Bliss. Inclui um desligamento autom\u00e1tico de seguran\u00e7a para que voc\u00ea possa adormecer com sua fragr\u00e2ncia favorita de \u00f3leo essencial.<\/li>\n<\/ul>\n","protected":false},"excerpt":{"rendered":"<p>Insira o n\u00famero do modelo para ter certeza que se encaixa. Um difusor de luz dram\u00e1tica. Uma luz de aromaterapia aparece em sua casa com cores s\u00f3lidas rotativas. Perfeito para iluminar seu quarto com aroma e cor. Difusor de \u00f3leo de qualidade superior: o difusor de \u00f3leo essencial garante excelentes resultados e durabilidade incompar\u00e1vel. Basta [&hellip;]<\/p>\n","protected":false},"featured_media":2462,"comment_status":"open","ping_status":"closed","template":"","meta":{"spay_email":""},"store":[166],"product_cat":[143],"product_tag":[],"_links":{"self":[{"href":"https:\/\/viveroleoessencial.com.br\/loja\/wp-json\/wp\/v2\/product\/2465"}],"collection":[{"href":"https:\/\/viveroleoessencial.com.br\/loja\/wp-json\/wp\/v2\/product"}],"about":[{"href":"https:\/\/viveroleoessencial.com.br\/loja\/wp-json\/wp\/v2\/types\/product"}],"replies":[{"embeddable":true,"href":"https:\/\/viveroleoessencial.com.br\/loja\/wp-json\/wp\/v2\/comments?post=2465"}],"wp:featuredmedia":[{"embeddable":true,"href":"https:\/\/viveroleoessencial.com.br\/loja\/wp-json\/wp\/v2\/media\/2462"}],"wp:attachment":[{"href":"https:\/\/viveroleoessencial.com.br\/loja\/wp-json\/wp\/v2\/media?parent=2465"}],"wp:term":[{"taxonomy":"store","embeddable":true,"href":"https:\/\/viveroleoessencial.com.br\/loja\/wp-json\/wp\/v2\/store?post=2465"},{"taxonomy":"product_cat","embeddable":true,"href":"https:\/\/viveroleoessencial.com.br\/loja\/wp-json\/wp\/v2\/product_cat?post=2465"},{"taxonomy":"product_tag","embeddable":true,"href":"https:\/\/viveroleoessencial.com.br\/loja\/wp-json\/wp\/v2\/product_tag?post=2465"}],"curies":[{"name":"wp","href":"https:\/\/api.w.org\/{rel}","templated":true}]}}