{"id":2277,"date":"2022-06-21T15:53:45","date_gmt":"2022-06-21T18:53:45","guid":{"rendered":"https:\/\/viveroleoessencial.com.br\/loja\/index.php\/produto\/faca-os-seus-proprios-oleos-essenciais-a-partir-de-plantas-cruas\/"},"modified":"2026-05-04T19:43:45","modified_gmt":"2026-05-04T22:43:45","slug":"faca-os-seus-proprios-oleos-essenciais-a-partir-de-plantas-cruas","status":"publish","type":"product","link":"https:\/\/viveroleoessencial.com.br\/loja\/produto\/faca-os-seus-proprios-oleos-essenciais-a-partir-de-plantas-cruas\/","title":{"rendered":"Fa\u00e7a Os Seus Pr\u00f3prios \u00d3leos Essenciais A Partir De Plantas Cruas"},"content":{"rendered":"","protected":false},"excerpt":{"rendered":"","protected":false},"featured_media":2276,"comment_status":"open","ping_status":"closed","template":"","meta":{"spay_email":""},"store":[140],"product_cat":[15],"product_tag":[],"_links":{"self":[{"href":"https:\/\/viveroleoessencial.com.br\/loja\/wp-json\/wp\/v2\/product\/2277"}],"collection":[{"href":"https:\/\/viveroleoessencial.com.br\/loja\/wp-json\/wp\/v2\/product"}],"about":[{"href":"https:\/\/viveroleoessencial.com.br\/loja\/wp-json\/wp\/v2\/types\/product"}],"replies":[{"embeddable":true,"href":"https:\/\/viveroleoessencial.com.br\/loja\/wp-json\/wp\/v2\/comments?post=2277"}],"wp:featuredmedia":[{"embeddable":true,"href":"https:\/\/viveroleoessencial.com.br\/loja\/wp-json\/wp\/v2\/media\/2276"}],"wp:attachment":[{"href":"https:\/\/viveroleoessencial.com.br\/loja\/wp-json\/wp\/v2\/media?parent=2277"}],"wp:term":[{"taxonomy":"store","embeddable":true,"href":"https:\/\/viveroleoessencial.com.br\/loja\/wp-json\/wp\/v2\/store?post=2277"},{"taxonomy":"product_cat","embeddable":true,"href":"https:\/\/viveroleoessencial.com.br\/loja\/wp-json\/wp\/v2\/product_cat?post=2277"},{"taxonomy":"product_tag","embeddable":true,"href":"https:\/\/viveroleoessencial.com.br\/loja\/wp-json\/wp\/v2\/product_tag?post=2277"}],"curies":[{"name":"wp","href":"https:\/\/api.w.org\/{rel}","templated":true}]}}