{"id":2213,"date":"2022-06-21T15:48:21","date_gmt":"2022-06-21T18:48:21","guid":{"rendered":"https:\/\/viveroleoessencial.com.br\/loja\/index.php\/produto\/guia-completo-dos-oleos-essenciais-como-usar-os-oleos-essenciais-para-a-saude-a-beleza-e-o-bem-estar\/"},"modified":"2026-05-09T02:05:40","modified_gmt":"2026-05-09T05:05:40","slug":"guia-completo-dos-oleos-essenciais-como-usar-os-oleos-essenciais-para-a-saude-a-beleza-e-o-bem-estar","status":"publish","type":"product","link":"https:\/\/viveroleoessencial.com.br\/loja\/produto\/guia-completo-dos-oleos-essenciais-como-usar-os-oleos-essenciais-para-a-saude-a-beleza-e-o-bem-estar\/","title":{"rendered":"Guia completo dos \u00f3leos essenciais: Como usar os \u00f3leos essenciais para a sa\u00fade, a beleza e o bem-estar"},"content":{"rendered":"","protected":false},"excerpt":{"rendered":"","protected":false},"featured_media":2212,"comment_status":"open","ping_status":"closed","template":"","meta":{"spay_email":""},"store":[140],"product_cat":[15],"product_tag":[],"_links":{"self":[{"href":"https:\/\/viveroleoessencial.com.br\/loja\/wp-json\/wp\/v2\/product\/2213"}],"collection":[{"href":"https:\/\/viveroleoessencial.com.br\/loja\/wp-json\/wp\/v2\/product"}],"about":[{"href":"https:\/\/viveroleoessencial.com.br\/loja\/wp-json\/wp\/v2\/types\/product"}],"replies":[{"embeddable":true,"href":"https:\/\/viveroleoessencial.com.br\/loja\/wp-json\/wp\/v2\/comments?post=2213"}],"wp:featuredmedia":[{"embeddable":true,"href":"https:\/\/viveroleoessencial.com.br\/loja\/wp-json\/wp\/v2\/media\/2212"}],"wp:attachment":[{"href":"https:\/\/viveroleoessencial.com.br\/loja\/wp-json\/wp\/v2\/media?parent=2213"}],"wp:term":[{"taxonomy":"store","embeddable":true,"href":"https:\/\/viveroleoessencial.com.br\/loja\/wp-json\/wp\/v2\/store?post=2213"},{"taxonomy":"product_cat","embeddable":true,"href":"https:\/\/viveroleoessencial.com.br\/loja\/wp-json\/wp\/v2\/product_cat?post=2213"},{"taxonomy":"product_tag","embeddable":true,"href":"https:\/\/viveroleoessencial.com.br\/loja\/wp-json\/wp\/v2\/product_tag?post=2213"}],"curies":[{"name":"wp","href":"https:\/\/api.w.org\/{rel}","templated":true}]}}